2. What is the tens digit of o?
7
Let u(x) = -x**3 - 13*x**2 + 13*x - 9. Let v be u(-14). Let a(h) = 3*h**2 + h - 13. What is the units digit of a(v)?
7
Let v(z) = -z**3 + 36*z**2 + 10*z + 10. What is the thousands digit of v(12)?
3
Let z be (-3)/(-1 + 2)*(-684)/27. Suppose 3*y = 4*y - z. What is the units digit of y?
6
Let b be (49 - (0 - 2))*(-10)/15. Let q = 103 + b. What is the tens digit of q?
6
Suppose -3*n + 4 = -23. Let h = n - 4. Suppose h*y = 44 + 46. What is the tens digit of y?
1
Let o(u) = -u**3 + 22*u**2 + 11*u + 17. Let k be o(22). Let h = k + -115. What is the hundreds digit of h?
1
Let r(u) = 4 + 8 + 0 + 14*u + 0. What is the hundreds digit of r(10)?
1
Let q = 1810 - 1169. What is the tens digit of q?
4
Let z(c) = 18*c - 6. Let p(g) = 6*g - 2. Let b(k) = -11*p(k) + 4*z(k). Let j be ((-8)/2 - -5)/1. What is the units digit of b(j)?
4
Let n = 15 - 13. Let s be 1 + (n - (2 + -1)). Suppose 0 = s*m + 2*l + 2*l - 14, -4*l - 51 = -3*m. What is the units digit of m?
3
Suppose 0*x = 5*x - 5. Let i be (5 - 3) + (-2)/x. Suppose 2*l = 6 - i, 251 = 4*g + 5*l. What is the units digit of g?
9
Let h(j) = -j**3 + 10*j**2 + 15*j + 2. Let d be h(11). Suppose -7*m = -5*m + d. Let n = m + 26. What is the units digit of n?
3
Let g(a) = a**2 + a - 1. Let v(n) = -6*n**2 - 4*n + 2. Let p(l) = -10*g(l) - 2*v(l). Let c be p(-5). Suppose -6*f + c = -0*f. What is the units digit of f?
1
Let r(i) = -i**2 - 6*i - 5. Suppose 0 = l + 3*l + 12. Let h be r(l). What is the units digit of ((-15)/10)/((-2)/h)?
3
Let p(l) be the second derivative of -2*l**3 + 3*l + 0 - 7/2*l**2. What is the tens digit of p(-2)?
1
Let j = -108 + 113. Suppose j*b - 1222 = 4*m, 0 = -4*b - 0*m + 3*m + 978. What is the hundreds digit of b?
2
Let x = -1316 - -2092. What is the tens digit of x?
7
Suppose 0 = -9*l - 3*l + 3288. What is the hundreds digit of l?
2
Let q be (-2)/13 + (-30)/(-26) + -2. What is the units digit of (5/(-10))/(q/122)?
1
Suppose 0 = 5*l - 4*w - 1166, 12*l - 14*l - 5*w = -440. Let z = l - 175. What is the units digit of z?
5
Suppose 0*y + 40 = -5*y. Let q = y + 6. What is the units digit of (17*q/(-2))/1?
7
Let y(m) = 5*m - 6. Let w be y(4). Suppose w*x + 248 = 16*x. What is the tens digit of x?
2
Let d(r) = -r**3 + 3*r + 466. What is the units digit of d(0)?
6
Suppose -10*y - 4*r + 5139 = -5*y, 0 = 3*y + r - 3082. What is the hundreds digit of y?
0
Let y(s) = -62*s - 6. Let z be y(-5). Suppose -z = -5*i + 206. What is the units digit of i?
2
Let o(m) = 2*m**2 - 11*m - 10. Let i(w) = w**2 + 3*w - 12. Let q be i(-4). What is the tens digit of o(q)?
0
What is the tens digit of (-19794)/(-10) - (-4 - (-51)/15)?
8
Let m(r) = 12*r - 119. What is the hundreds digit of m(31)?
2
Suppose 14*s = 1506 + 1588. What is the tens digit of s?
2
Let k(h) = 35*h - 58. What is the units digit of k(6)?
2
Let f(z) be the second derivative of -z**4/12 - 7*z**3/3 - 3*z**2 + 10*z. Suppose 0*r - 40 = 4*r - 2*t, 4*r = -5*t - 40. What is the units digit of f(r)?
4
Suppose 0*w - 4*w = -68. Let h be 62/5 - (-4)/(-10). Let b = w - h. What is the units digit of b?
5
Suppose 135 = d + v, -4*d + 271 = -2*d + v. What is the units digit of (d/(-10))/(18/(-180))?
6
Let y be 1/(-2)*(3 - 1)*-2. Suppose -4*r = -4*v - 588, y*r + 0*r + 4*v = 312. What is the tens digit of r?
5
Let g(y) be the second derivative of -y**5/60 + y**4/2 + y**3/6 - 5*y**2/2 + 3*y. Let d(p) be the first derivative of g(p). What is the tens digit of d(7)?
3
Let v be (4/(-6))/((-2)/6). Suppose -v*k + 28 = -4*p, 3*p = p - 4. Let a = k + -8. What is the units digit of a?
2
What is the units digit of (-25)/50 + 3026/4?
6
Let f be (-40)/12 - 3/(-9). Let n = 0 - f. Suppose n*c - 2*r - 25 = -6*r, 2*c = 4*r - 10. What is the units digit of c?
3
Suppose p + 2 - 7 = 0. Let c = 9 - p. Suppose d = 4*d - 9, -c*d = 4*w - 52. What is the tens digit of w?
1
What is the units digit of (-5)/(-15) + 1288/6?
5
Suppose -27*a = -28*a - 71. Let y(j) = 20*j + 6. Let p be y(6). Let q = p + a. What is the tens digit of q?
5
Let v = -58 - -1516. What is the tens digit of v?
5
Suppose 9*g = -4*h + 5*g - 560, 0 = -h - 5*g - 152. Let x = h + 260. What is the units digit of x?
3
Suppose -h + 4 = y, -5*h - y = -h - 7. Let s = -1 + h. Let d = 9 + s. What is the units digit of d?
9
Let t = 24 - 12. Suppose t + 3 = o. Suppose -d = 4*d + 5*p - o, -5*d + 3*p = -39. What is the units digit of d?
6
Let i(b) = b - 5. Let c be i(6). Suppose 3*d + 4*o - 2 - 10 = 0, -12 = -3*d - o. What is the units digit of 756/16 - c/d?
7
Suppose -2*p - 3*a = -828, 0 = -2*p + p + 4*a + 414. Let z = -296 + p. What is the hundreds digit of z?
1
Let h(m) = -17*m + 0*m**2 - 2 + 24*m + 1 + 2*m**2. What is the units digit of h(-6)?
9
Let f(d) = 1348*d**2 - 14*d + 15. What is the tens digit of f(1)?
4
Let x be 24/(-9)*9/(-6). Suppose c + x*c - 310 = 0. Let y = c + -37. What is the tens digit of y?
2
Let u(x) = -5 - 13*x - 2*x - x**2 + 0. What is the units digit of u(-13)?
1
Let k(s) = -388*s**3 - 15*s - 36. What is the hundreds digit of k(-2)?
0
Suppose -4*f = z - 1892, 0 = 10*f - 6*f + 4. What is the tens digit of z?
9
Suppose 2*k = 74 + 4. Let u = k - 15. Suppose 2*x + u = 6*x + 4*h, h = 5*x. What is the units digit of x?
1
Let l = 323 + -603. Let d = l - -429. What is the units digit of d?
9
Suppose 5*y - r - 2194 = 0, 5*y + r - 1826 - 370 = 0. What is the units digit of y?
9
Let x be -4 + 8/4 + 2. Suppose -141 = -4*q - q - 4*k, x = 3*k - 12. What is the tens digit of q?
2
Let q(t) = 13*t**2 + 88*t + 22. What is the units digit of q(-11)?
7
Suppose -2*g = -3*h - 22, 2*g = h - 6*h - 10. What is the units digit of 135 + (-5)/(g - 0)?
4
Let f(k) = 95*k**2 + 3*k - 51. What is the hundreds digit of f(-5)?
3
Let c be ((-3)/9)/(2/12). Let n = c - -60. What is the units digit of n?
8
Suppose -59 = -2*c + 41. Suppose -k - x - 7 = -c, 207 = 5*k + x. What is the tens digit of k?
4
Let x(n) = n**3 + 4*n**2 - 14*n. Let y be x(-6). What is the tens digit of 2/(y/18) + 336?
3
Let u(a) = -993*a - 384. What is the units digit of u(-4)?
8
Let u = 4 + 2. Let x be (4/6)/(4/u). What is the units digit of ((2 - 1) + 1)/x?
2
Let l(f) = -2*f**2 - 9*f - 4. Let p be l(-4). Suppose 14*v - 127 - 1777 = p. What is the tens digit of v?
3
Let m(o) = o**3 + 20*o**2 + 14*o + 78. What is the thousands digit of m(-14)?
1
Let q be 6/(-9) - (-1052)/3. Suppose -8*m + 13*m = q. What is the units digit of m?
0
Let j(t) = -11*t. Suppose 0*b - 2*b = -14. Let z be j(b). Let f = -24 - z. What is the units digit of f?
3
Let l(y) = -y**3 + 16*y**2 + 33*y - 208. What is the units digit of l(10)?
2
Let a = 33 + -31. Suppose a*q = -4*h + 32, 2*h - 9 + 53 = 2*q. What is the units digit of (15/4)/(5/q)?
5
Let u be (-154)/(-4) + 5/(-10). Let h = u + -4. What is the units digit of h?
4
Let l(n) = 84*n + 3114. What is the thousands digit of l(0)?
3
Suppose -2*s + 197 = -s. Suppose 3*b - 5*a = s, -2*a = 3*b + 2*a - 242. What is the units digit of b?
4
Let m = 8 + -5. Suppose m*a - 8 + 2 = 0. What is the units digit of a?
2
Suppose 0 = -523*q + 528*q - 3540. What is the hundreds digit of q?
7
What is the thousands digit of ((-10)/2 - (-1153 - 0)) + -6?
1
Let i = 1443 - 703. What is the units digit of i?
0
Let x be (1/(-3))/((-5)/(-30)). Let d be (x/3)/((-3)/(-36)). What is the tens digit of (d/(-10))/((-20)/(-450))?
1
Suppose -1771 = -5*q + 299. What is the units digit of q?
4
Let v = 1194 + -472. What is the units digit of v?
2
Suppose 4*m + 22128 = 20*m. What is the thousands digit of m?
1
What is the units digit of ((-41)/3)/((-3)/99)?
1
Let y = -6 + 11. Let s(j) = -2*j + 4. Let x be s(y). Let f = -3 - x. What is the units digit of f?
3
Let u(h) = h**2 + h - 10. Let b(l) = 2*l**2 - 3*l + 9. Let p be b(5). Suppose -c + 20 = n + n, -3*c + p = 4*n. What is the tens digit of u(n)?
6
Let v = 1138 + -566. What is the hundreds digit of v?
5
Suppose -9*b + 7*b = -6. Suppose -5*t + 2*t + 81 = -3*r, -r - 77 = -b*t. What is the units digit of t?
5
Let t(j) = 3*j**2 + 5*j - 4. Let g be t(2). Suppose c = -g*c + 931. What is the units digit of c?
9
Let a = -64 - -66. What is the units digit of a/(-3*(-2)/237)?
9
Let m(k) = -k**2 - 5*k + 485. What is the units digit of m(0)?
5
Let t be -1*4/2 + -4. Let z = t - -11. Suppose 3*b = z*v - 80, b = -5*v + 5*b 